 + -4 - -22).
-8
Calculate (-9 - -7) + 34 + -42 + 2.
-8
What is 6 + 30 + 6 + (-14 - -3)?
31
What is (-4 - (2 + -3 + -12 + 6)) + -1?
2
What is 32 + (186 - 178 - (-1 + 16))?
25
-26 + -10 + (-5 - -33)
-8
-11 + 0 - (-38 - (16 + 15 + -49))
9
What is (-4 - -11) + -15 + 3 + -15?
-20
What is the value of 1892 + -1916 + (-1 + 1 - 6)?
-30
Evaluate 25 + -9 - (-25 + 10 - -8).
23
Calculate (11 - (-2 - 1)) + -8 - 2.
4
Evaluate -49 + (-4 - (-4 + -9 + 3)) - -3.
-40
24 + (-6 - 12 - -6)
12
Calculate 4 + 7 - (9 - ((-3 - -12) + 6)).
17
What is the value of 2 + 1 + -8 + (18 - 9) - 19?
-15
What is the value of 783 - 802 - (-1 + -1 + 2)?
-19
Calculate -2 - -12 - (-9 + 4 - (-14 - -14)).
15
What is the value of (10 - 5 - (2 + 3)) + 4?
4
What is 66 - (-5 + 35) - 65?
-29
Evaluate -1 - (-2 + 0 - (-16 - -18) - -1).
2
Evaluate 1 - (13 - (18 + -4)).
2
What is 12 + 0 - (5 - (-5 + 10))?
12
Evaluate 0 - (-9 - -2 - -5) - -19.
21
What is 8 + (-6 - -3) + (6 + 20 - 13)?
18
What is the value of 10 + -2 + -1 - (59 - (77 - 41))?
-16
What is -3 + (0 - 2) + 164 + -167?
-8
101 - 101 - (1 - ((15 - 0) + -2))
12
Evaluate -2 - (12 + -1 + (-2 - -3) + 7).
-21
Calculate 22 - 44 - (-102 - -69).
11
Calculate -2 + 12 - (-6 + 8 + -7).
15
Calculate (-6 - 21) + 9 - (-3 - 6).
-9
What is (4 - -1) + 1 + -14?
-8
What is the value of (8 - 3) + -10 + 1 + 16?
12
What is the value of (10 - (-3 - 9)) + -23?
-1
-22 - ((-17 - 2) + 7)
-10
-3 + (25 - (-21 + 21))
22
What is (-33 - -36) + (-2 - 3) + 9?
7
0 - (-44 + 2 - -24)
18
Evaluate (70 - 3) + -29 + -16.
22
What is (11 - 5 - 5) + (-4 - -1)?
-2
Evaluate 5 - -4 - (23 - 3) - (1 - 0).
-12
Evaluate 9 - (7 - 3) - -2.
7
Evaluate 1 - (17 + -5 + -10) - (-20 - 0).
19
What is the value of -18 + (-4 - -14) + -2 + -5?
-15
Calculate 13 - 12 - -13 - 11.
3
-37 - -48 - (-4 - 0) - (3 + -4)
16
-3 + (2 - -13 - (7 - (-2 + 4)))
7
What is the value of 9 - (1 - (2 - 8))?
2
Calculate 7 - ((-18 - (-18 + 13)) + (3 - -1)).
16
Calculate -14 + 24 - (-6 + 14) - (2 - -8).
-8
24 + -10 + -21 + 23
16
(-105 - -97) + -4 + 13
1
What is (6 - 28) + -1 + (-6 + 14 - 6)?
-21
Evaluate 19 - 28 - (-3 + (-1 - -4 - 1)).
-8
Calculate (54 - 67) + (-7 + 2 - 1).
-19
Evaluate -3 - (-1 + -1 + 8) - -25.
16
Calculate (5 + -6 - -3) + -13 - (-1 + -1).
-9
What is 10 + (4 - 5) - (6 + 1 + -1)?
3
26 - 53 - -26 - (-3 + -1)
3
Calculate 9 + (-18 - 22 - -23).
-8
-15 - (-10 - 3 - -7) - (-4 - 2)
-3
-12 + 1 + -263 + 271
-3
Calculate (-13 - 1) + (31 - (38 - 18)).
-3
What is the value of (2 - (4 + -5) - 2) + (-4 - 2)?
-5
What is the value of (-5 + (-12 - -41) - 13) + -9?
2
-2 + 7 + (-9 - -1 - 7) + 30
20
Evaluate -18 - 5 - -15 - 17.
-25
What is (8 - 3) + (88 - 86)?
7
Calculate (28 - (-6 + 49)) + 5.
-10
Calculate 3 + (0 - -4) - (6 + -16 + 3).
14
What is 5 - (-3 + (7 - -3) - -2)?
-4
Calculate -1 + (20 - -3) + -7 + -3.
12
What is the value of (10 - 4 - -18) + (-3 - 5)?
16
What is the value of -9 + -1 + -7 + 73 + -60?
-4
What is the value of -44 + (0 - (14 + -9) - -18)?
-31
Calculate -19 - (0 - 15) - -8.
4
What is the value of (22 - 11) + -33 + -2?
-24
7 - (-6 + -4) - (9 - -21)
-13
What is the value of (255 - 302) + (26 - 0)?
-21
15 + -24 + 14 + 10 + -2 + 2
15
What is 28 - (-2 + 29 - -31)?
-30
(4 + -5 - -2) + -6 - -18
13
What is the value of -20 + ((18 - -63) + -17 - 10)?
34
What is the value of (21 - 30) + (11 - -16)?
18
(-1 - 7) + -22 + (38 - 8)
0
3 + 4 + 2 + -14
-5
Evaluate -23 + 21 - (3 + (1 - 0)) - 3.
-9
What is the value of (5 - 5) + 11 + -10 + 7?
8
What is 9 + (-5 - 0 - (89 - 97))?
12
Calculate -4 + 0 + -1 + 1 - (0 + -2).
-2
What is the value of 19 - 2 - (2 + 21)?
-6
What is -14 + (-24 - -56) + 12?
30
Calculate -5 - 1 - ((-13 - 0) + (27 - 19)).
-1
Calculate -13 + (16 - (7 + 8)).
-12
What is -35 + (7 - (-1 - -1 - (-28 + 21)))?
-35
-3 + -4 + (3 + -4 - -12)
4
What is 2642 + -2670 + (30 - -1)?
3
Evaluate -15 + (19 - 4 - -4).
4
Calculate -12 + (-26 - -7 - -7) + 4.
-20
What is (60 - 59 - (8 - 1) - -11) + -11?
-6
Calculate 30 - 37 - (4 - (-4 + 5) - 25).
15
Evaluate -1 + (18 - 26 - 6).
-15
What is the value of -1 - (-13 + 21 + -24)?
15
Evaluate 3 - ((32 - (2 + -1)) + -11).
-17
-2 + 12 + -1 + (49 - 53)
5
3 + -11 + 16 + -2
6
Calculate (45 - (-10 - -17)) + -15 + -5.
18
What is the value of 9 + (6 - (3 - 3)) + 7 + 4?
26
What is the value of 7 + -1 + 90 + -109?
-13
What is (5 + -12 - 1 - -2) + 9?
3
Evaluate (9 - -5) + -8 + -1 + 4.
9
Evaluate -7 - ((19 - 14) + -15 - (5 + -5)).
3
Calculate -5 + (-18 - -7) - (-7 + -14).
5
Evaluate -14 - (-5 + (-8 - -3)) - (-2 + -4).
2
29 + -4 + -1 + 5 - (82 - 82)
29
What is the value of -47 + 24 - (-2 + -13)?
-8
Evaluate 16 + 16 + (-13 - -1) - (0 - 1).
21
What is 22 - (0 + 3 + (36 - -3 - 37))?
17
19 + -1 + (-50 - -55) - 9
14
Evaluate -3 + 1 + 2 + -2 + (-546 - -538).
-10
What is the value of 80 - 101 - (-5 + -1 + 6)?
-21
What is -40 + -8 + 59 + (1 - 21)?
-9
Calculate 0 + 11 + -1 - (346 - 356).
20
What is the value of 15 - (-6 + 7 - (-4 + 0))?
10
What is 20 + (9 - (-7 + 20))?
16
What is the value of -4 - (-23 + (11 - -6))?
2
Calculate -11 + -10 + (14 - -9).
2
Evaluate 0 + (-8 - -3) - ((4 - 2) + -3).
-4
Evaluate (7 - 2) + (-4 - 3 - (0 - 4)).
2
What is the value of (21 - 16) + 34 + -6?
33
Calculate (-5 - 0) + -27 + 33 + 12.
13
What is the value of -9 + ((-9 - -12) + 0 - -3)?
-3
What is the value of 9 - (5 + -25 + 11 + 6)?
12
What is 46 + (-28 - (19 + -11))?
10
32 + (-28 + 12 - 7)
9
Evaluate 4 + 8 - (-6 + 2 + -6).
22
What is the value of 1 + (-11 - -9 - (3 - 1) - -6)?
3
Evaluate 636 - 647 - (1 + -16).
4
What is (-10 - ((5 - 1) + -9)) + 2?
-3
Calculate -6 + (6 + 16 - 10) - (-2 - 0).
8
(11 - 9 - 8) + 1 + 11 + 3
9
What is the value of -9 + 4 - -7 - 7?
-5
What is 5 + (-4 - (-4 + -3)) + (-26 - -24)?
6
What is (5 - (1 + 0)) + 102 + -117?
-11
-45 + -10 + 18 - -39
2
Evaluate (2 - (-1 - 4) - (562 + -556)) + 1.
2
Evaluate -1 + (-1 - -1) + (3 - (1 + 6)).
-5
Calculate 1 + (-2 - -11 - (17 + -9 + -1)).
3
Evaluate (-2 + -1 + 5 - (0 + 8)) + 17.
11
(4 - -1) + (-175 - -157) - (-4 - -1)
-10
Evaluate 2 - (-9 - (-21 + -2 + -9 + 18)).
-3
What is -3 + (1 - 5 - -2 - -5)?
0
Evaluate 8 + -1 + (-4 + 10 - 8) + -15.
-10
Calculate 2 + 9 + -9 + 2 - 6.
-2
Evaluate 4 + 1 - (-27 - (-9 + -21)).
2
What is the value of 46 + (33 + -86 - -32)?
25
4 + (-11 - 10 - -17)
0
(-20 - -5) + (54 - 24)
15
Calculate -5 - (-10 - (-41 + 16)).
-20
Calculate (-12 - -19) + 87 + -87 + (0 - 2).
5
(0 - (32 + -37)) + (-19 - (-2 - -1))
-13
What is -12 + 1 - (19 - (51 + -33))?
-12
(21 - (12 - -7)) + (6 - -1)
9
Evaluate -1 + -1 + -5 + -684 + 696 - 4.
1
Calculate -6 + 5 + 23 + (5 - 10) + -4.
13
Evaluate -46 - (-20 + -27 + 26).
-25
-8 + 20 + (-49 - -20)
-17
-8 - -1 - (-5 - -2 - (2 - -9))
7
Calculate (13 + (-5 - 1) - (18 + 3)) + 5.
-9
What is -13 - (-1 + -28) - (-2 - -1 - 1)?
18
Calculate 5 + (16 - (17 - (-1 + 8))).
11
Evaluate 32 - (35 - 37) - ((1 - -4) + 3).
26
(-14 - -1) + 9 + 0 + 7 + -14
-11
Evaluate (1687 - 1663) + -1 + -19.
4
Evaluate (-2 - -2) + (10 - (4 - (2 - -2))).
10
What is the value of 10 + 11 + -4 + -11 + 2 + -20?
-12
Calculate 7 + 0 + (2 - -7 - 20) + 5.
1
Evaluate 88 + -164 + 65 - (0 - 43).
32
Calculate 0 + 0 - 6 - -1.
-5
-2 - (-9 + (4 - 0))
3
Evaluate 9 + (37 - (10 + 7) - -11).
40
Evaluate 17 - -8 - (7 - (-7 - (4 - 10))).
17
Evaluate -7 + (2 - (-14 - -5)).
4
Evaluate -1 + 2 - 3 - (-222 - -241).
-21
What is (-161 - -157) + (0 - 1 - -9 - -1)?
5
Calculate 1 - (47 - 79 - -20).
13
Calculate -7 - (0 - 0 - 2) - (246 - 250).
-1
What is 28 + (-25 - (-2 + -15))?
20
What is 16 + -26 + -20 + 25?
-5
Calculate 2 - (0 - (-7 + -1 - (-31 - -16))).
9
What is 83 + -36 + -39 - 15?
-7
What is the value of 0 + (35 - 22 - (2 - -2 - -2))?
7
What is (-10 - (0 - 0)) + 468 + -476?
-18
(-16 - 0) + 9 - (0 + 1)
-8
What is the value of 102 + -62 - (3 - -39)?
-2
Calculate (1 - 10) + -9 + (9 + 7 - 3).
-5
What is (1 - (-10 + 1)) + (-22 - -17 - 1)?
4
-4 - (-13 - (-7 + (-12 - -5) + 7))
2
What is the value of -3 + (0 - (-2 - -6) - (4 - 11))?
0
-5 + (5 - -6 - 23 - -2)
-15
Evaluate 12 + (2 - -4 - 6 - -5).
17
What is the value of (2 - 9) + (19 - 10)?
2
What is the value of (-36 - -48) + (-6 - 0)?
6
What is the value of -44 + 82 + -30 - 32?
-24
What is the value of -1 + 3 + (-5 - 0) + 2 - -1?
0
(-10 - -42) + -25 - (11 - -1)
-5
Calculate 3 + -1 - (-163 - -159).
6
Calculate (15 - (7 - -7)) + 12.
13
Cal